+ 100. Let d = 111 - u. Suppose 7*p = 4*p + d. What is the remainder when 29 is divided by p?
2
Suppose -2157 = -32*k + 27*k - 3*l, l + 854 = 2*k. Let s = -389 + k. What is the remainder when 78 is divided by s?
38
Calculate the remainder when -4 + -7 + 444 + (-27)/(-9) is divided by 151.
134
What is the remainder when (-41)/(1250/70 - 18) is divided by 2?
1
Suppose 2*s - 4*s = -262. Let f = s - 107. Suppose f*t - 5*t - 266 = 0. What is the remainder when 41 is divided by t?
13
Suppose -4*p - 26 = -s, 5*p = 5*s + 3*p - 166. Let o(u) = 3*u**2 - 8*u - 19. Calculate the remainder when s is divided by o(-2).
7
Let a be (-1 + -2 + 1)*(-261)/6. Let c = -7 + a. What is the remainder when c is divided by 27?
26
Let n(l) = 2*l**2 - 6*l - 32. Suppose -2*v - 4*q + 2 = v, -16 = v - 2*q. Calculate the remainder when n(v) is divided by 29.
18
Let w = -72 - -75. Let b(q) = -3*q - 31. Suppose 2*h + 26 = m, 5*m = 2*h - 0 + 10. What is the remainder when b(h) is divided by w?
2
What is the remainder when 302 is divided by ((-59153)/2382)/(-2 - (-11)/6)?
4
Let h = 69 + -47. Calculate the remainder when (28/3)/(612/(-459)) - -137 is divided by h.
20
Let l = 106 - -30. Let q = 7939 - 7915. Calculate the remainder when l is divided by q.
16
Suppose 3*o - 62 = s + 3*s, 5*o - 2*s - 94 = 0. Let x = 158 + -105. Suppose h = 2*a + 40, -3*a = 2*h + 2*a - x. Calculate the remainder when h is divided by o.
16
Let r(k) = -4*k**3 + k**2 + 2*k. Let i be r(-1). Suppose 5*b + i*q + 2*q = 160, -5*b + 2*q = -125. What is the remainder when 50 is divided by b?
23
Suppose -1167 + 1543 = 8*a. Calculate the remainder when 228 is divided by a.
40
Let d = 1020 + -463. Let i = -511 + d. Calculate the remainder when i is divided by 6.
4
Let j = 24 + -20. Let w(g) = 7*g**2 + 14*g - 43. Calculate the remainder when w(j) is divided by 18.
17
Let r(g) = -3*g**2 - 7*g. Let i be r(-5). Let u = 81 + i. Calculate the remainder when 80 is divided by u.
39
Suppose -70 - 13 = -3*x + 4*z, 3*x = z + 86. Suppose 2839 = x*d - 496. What is the remainder when d is divided by 32?
19
Let m = -33595 + 34426. Calculate the remainder when m is divided by 85.
66
Calculate the remainder when 478 is divided by (((-500)/(-40))/25)/((-2)/(-588)).
37
Let c(u) be the first derivative of 2*u**3/3 + 3*u**2 - 13*u + 216. Calculate the remainder when 1034 is divided by c(3).
22
Let a = 411 + -427. Let b(d) = d**2 - 8*d - 35. What is the remainder when b(a) is divided by 22?
19
Suppose -166*p - 12*p = -98078. What is the remainder when p is divided by 226?
99
Suppose 8*m - 9*m + 4 = 0. Suppose 0 = 2*w - 14 - m. Let t(j) = j**2 - 8*j - 3. What is the remainder when 32 is divided by t(w)?
2
Suppose 4*k - 168 = -2*w - 22, -3*w = 5*k - 185. Let p(s) = -4*s - 13. Let z be p(-4). What is the remainder when k is divided by (z - 3)/3 + 9?
7
Suppose 2*p = 4, l - 3*l + 2*p + 22 = 0. Let y = 2439 + -2342. What is the remainder when y is divided by l?
6
Let o(s) = -52*s**3 - 5*s**2 - s + 5. Let z be o(3). Let x = 1582 + z. Let r = -71 - -105. What is the remainder when x is divided by r?
33
Suppose -2*b + 0*c = 3*c - 39, 2*c - 66 = -4*b. Let j = 136 - 133. Suppose -b*n + 192 = -j*n. Calculate the remainder when 60 is divided by n.
12
Suppose 4*j - 2*j + 14 = -5*q, -3*j - 2*q + 1 = 0. Suppose -j*o + 5*o - 12 = 0. Suppose o*h - 77 = 73. Calculate the remainder when h is divided by 10.
5
Let t(w) = 20*w + 100. Let q be 2/((-4)/(-3))*192/(-72). What is the remainder when 219 is divided by t(q)?
19
Suppose 0 = -3*v + d + 54 + 46, -v = 2*d - 24. Suppose -v = -2*b - 16. Suppose 6*q - b*q + 2*f = -106, 0 = f. What is the remainder when q is divided by 9?
8
Suppose 524*h - 446956 - 64379 - 2055741 = 0. Calculate the remainder when h is divided by 98.
97
Let n = -81 + 150. Let u = n + -53. Suppose u = 2*o - 10. What is the remainder when o is divided by 7?
6
Let o = -30 - -34. Suppose -2*s = -o*x - 0*s - 4, 3*s = 5*x + 5. Let a(d) = -21*d - 5. What is the remainder when 109 is divided by a(x)?
13
Suppose f + 25 = 2*f + 4*g, 4*f = -4*g + 40. Suppose 3*u - f*y = 35, -u + y = 3*y - 8. Calculate the remainder when 33 is divided by u.
3
Let d(v) = v**2 - 86*v + 1666. What is the remainder when 9733 is divided by d(29)?
9
Let s = 14258 - 13640. What is the remainder when s is divided by 58?
38
Let t(w) = 3*w + 47. Let r(f) = f + 16. Let p(b) = -8*r(b) + 3*t(b). Let v be p(-7). Suppose 240 = v*a + 72. What is the remainder when a is divided by 8?
4
Let k = -84 + 33. Let n = k - -75. Calculate the remainder when 70 is divided by n.
22
Suppose 0 = -11*z + 244 + 163. Let t(l) = l**2 - 34*l + 3. What is the remainder when t(z) is divided by 8?
2
Let v = 4 + 1. Let s(n) = 2 - n**2 - 1 + 3*n**2 - v*n + 0. Calculate the remainder when s(-4) is divided by 18.
17
Suppose 13*r - 6*r - 756 = -20*r. Calculate the remainder when 1957 is divided by r.
25
Suppose -2286*z - 32175 = -3111*z. Let t = 126 - -23. Calculate the remainder when t is divided by z.
32
Let l(k) = -k**2 + 49*k + 204. Let b be l(37). Suppose 10*h - 34*h = -b. Calculate the remainder when 134 is divided by h.
26
Calculate the remainder when (-812)/(-5)*(817/38 + -19) is divided by 61.
40
Let c(a) be the third derivative of -a**4/24 + 11*a**3/6 + 8*a**2 - 6*a. What is the remainder when 76 is divided by c(1)?
6
Suppose f - 419 = -4*b + 2250, f = b - 666. Calculate the remainder when 2680 is divided by b.
12
What is the remainder when 247 is divided by -18 + 11 + 12 + -2 + 116?
9
Suppose 6*v - 8001 + 2163 = 0. Let j = -2106 - -2181. What is the remainder when v is divided by j?
73
Let z(u) = u**2 + 37*u + 270. What is the remainder when 12765 is divided by z(-31)?
81
Suppose 2*a - 2*q = 6*a, -5*a + 2*q + 18 = 0. Calculate the remainder when (-13*a)/(-13 - 3435/(-265)) is divided by 23.
22
Suppose 0 = -9*t - 10*t + 133. Let v = -35 + 57. Calculate the remainder when v is divided by t.
1
Suppose -3*m = f - 19 - 21, 2*f + 50 = 4*m. Suppose 0 = -3*r + 5*r. Suppose r = -4*k + 28 - 8. What is the remainder when m is divided by k?
3
Suppose 2*j + 44 = -n, 4*n + 5*j = 2*j - 161. Let k = -109 - n. Let y = k - -83. Calculate the remainder when 83 is divided by y.
11
Suppose -95*n + 92*n + 12516 = j, n = 4*j + 4172. What is the remainder when n is divided by 25?
22
Let o = 83 - 82. Suppose 4*u - 4*b = b + 153, 5*u + b - 155 = 0. Let y = -28 + u. Calculate the remainder when y is divided by o.
0
Suppose -3*g = -2*q + 123, -68*q + 69*q - 5*g - 58 = 0. What is the remainder when q is divided by 28?
7
Let l be ((-2)/(-12))/((-1)/(-3))*6. Let n(q) = 32*q**2 + l*q - 22*q**2 + 14*q**2 - 1. Calculate the remainder when n(2) is divided by 26.
23
Let d = -95 + 62. Let y = 40 + d. Let j(x) = -x**2 + 9*x - 10. What is the remainder when 23 is divided by j(y)?
3
Suppose 0 = -3*u + 3*a - 27, -4*u - 13 - 15 = 4*a. Let i(c) = -46*c - 294. Let s be i(-6). Let d = u - s. What is the remainder when 27 is divided by d?
7
Suppose q - 3 - 1 = 0, -5*g + 2*q = -107. Calculate the remainder when 1879 + -1840 - (-17 - 1) is divided by g.
11
Let v = -196867 + 196894. Calculate the remainder when (-200)/(-2) + 1/1 is divided by v.
20
Let q = 46 - -56. Suppose -u - f + 7 = 0, -u - 385 = -5*f - 476. Calculate the remainder when q is divided by u.
18
Let r(k) = 16*k**2 - 3*k + 2. Suppose -5*s - 50 = 65. Let o = s - -25. Calculate the remainder when r(o) is divided by 21.
18
Suppose -2*s + 4*k = -150, -5*s + 360 = 5*k + 60. Calculate the remainder when 178 is divided by s.
48
Let t = 159 - 137. What is the remainder when t + -26 - (-95 + 2) is divided by 45?
44
Let r = -6904 - -7269. Calculate the remainder when 1112 is divided by r.
17
Let x = 1980 - 991. Let z = -958 + x. What is the remainder when z is divided by 21?
10
Suppose 2*x - 4*m + 171 - 603 = 0, -924 = -4*x - 2*m. What is the remainder when 716 is divided by x?
32
Let m = 10517 + -10413. Calculate the remainder when 302 is divided by m.
94
Let p = -69 - -102. Suppose -93 = -5*i - p. Calculate the remainder when i is divided by 1/(2/40*4).
2
Let w(y) = 71*y + 1650. Calculate the remainder when 182 is divided by w(-22).
6
Let l(q) = -q**2 - 13*q + 24. Let w be l(-13). Suppose 21*v - w*v = -93. Calculate the remainder when ((-1)/(-3) + -1)*-183 is divided by v.
29
Suppose -42